ose 0 = 3*u - 0*u - n - 5, -11 = -3*u - c*n. Suppose u*h = 6 - 2. What is the units digit of h?
2
Let x be (-32)/(-10)*5/2. Let w = x + 0. What is the units digit of w?
8
Suppose -55 = j + v, -v = -4*j + 4*v - 229. Let s = -17 - j. What is the units digit of s?
9
Let c(t) = t**3 - 11*t**2 + 6*t + 4. Let j(s) = -s**3 + 12*s**2 - 6*s - 4. Let a = 0 + -4. Let z(x) = a*c(x) - 3*j(x). What is the units digit of z(7)?
3
Let p(n) = 9*n**2 - 2*n - 1. What is the tens digit of p(-1)?
1
Let h be ((-6)/9)/(3/(-27)). Suppose 225 = -f + h*f. Suppose 3*q - f = -2*q. What is the units digit of q?
9
Let k be (-1 + 1)/(1 - 0). Let u be k + (1 - -1) - -1. Suppose -i = 0, 7*a - 2*a + u*i = 5. What is the units digit of a?
1
Let w be (9/(-6))/((-3)/2). What is the units digit of (-1)/(1*(w + -2))?
1
What is the units digit of 9/(-6)*86/(-3)?
3
Suppose -7 + 18 = z - 3*i, 0 = 3*z + 5*i + 9. Suppose 0 = -z*y + y + 11. Let r = y - 3. What is the units digit of r?
8
Suppose 3*x + 0*x - 24 = 0. What is the units digit of x?
8
What is the tens digit of (8/16)/((-3)/(-372))?
6
Let d(x) be the third derivative of x**6/120 - 13*x**5/60 + x**4/12 - 7*x**3/3 + 2*x**2. What is the tens digit of d(13)?
1
What is the tens digit of 6/2 - -3*31?
9
Let r(l) = l**2 + l. Let v be r(-2). What is the units digit of (v + 7)*(-30)/(-18)?
5
Let s be (1 - 0) + (-4 - -2). What is the units digit of (s/(-2))/((-2)/(-36))?
9
Let n = -1 + 4. Suppose 4*j - 42 - 6 = 0. Suppose j = -g + n*g. What is the units digit of g?
6
What is the units digit of 13/5 - 12/20?
2
Suppose -r = -2*q - 5*r + 14, 0 = r. Let z(v) = 13*v - v**2 - 5*v + 2*v - 9. What is the units digit of z(q)?
2
Let m(h) = 13*h**2 - h. Suppose -5*n - b + 2 = -6, 0 = -n + 5*b - 14. What is the units digit of m(n)?
2
Suppose 3*q - q = 10. Suppose -5*m = q - 15. Suppose -3*k = -1 - m. What is the units digit of k?
1
Let s(h) = -2*h + 2*h + 1 - 3*h + 2*h + 13*h**2. What is the tens digit of s(1)?
1
Let o(p) = -p**3 + 18*p**2 + 3*p + 25. What is the units digit of o(18)?
9
Suppose -q + 3 = -2*i - 4, -43 = -3*q - 5*i. Suppose -3 + q = 2*k. Suppose 2*c = k*c - 22. What is the units digit of c?
1
Let c = -12 - -15. Suppose -4*s = -s - c*z - 63, 4*s = z + 69. What is the units digit of s?
6
Let u(d) = -d - 8. Let z be u(6). Let i = 3 - z. What is the tens digit of i?
1
Let t(i) = -i + 39. What is the units digit of t(-12)?
1
Let j be 0 - (8 + 2 + -4). Let s = 8 + j. Suppose 3*u - 6 = r, s*u = -0*r - 3*r + 15. What is the units digit of r?
3
Let b = -10 + 130. What is the tens digit of b?
2
Suppose 0 = 3*d - d + 6. Let z(j) = 2*j**2 + j - 2. What is the tens digit of z(d)?
1
Suppose -105 = -2*r - 13. Suppose -2*c = 6 + r. Let b = 38 + c. What is the tens digit of b?
1
Suppose -2*c + 24 = 4*m + 6, 4*c + 4 = 0. Let x = 9 - m. Suppose p + 51 = x*p - 3*s, 3*p - 45 = s. What is the tens digit of p?
1
Let m be (-34)/(-2) - (-1 - 1). Let q = m - 11. Let u = q + -6. What is the units digit of u?
2
Let u(z) = z**2 - 7*z + 7. Let o(p) = p**2 + 14*p + 5 - 3*p**2 - 18. Let q(r) = 3*o(r) + 5*u(r). What is the units digit of q(5)?
6
Suppose y = -5*t + 22, -t + 6 = -3*y + 2*t. Suppose y*p = -2*p + 12. What is the units digit of (3 - 4)*(-51)/p?
7
Let x(z) = -z + 4. Suppose -3*m = 2*u - 7*u + 20, u - m = 4. Let b be x(u). Suppose -4*k - o + 25 = b, -15 = -4*k + o - 0*o. What is the units digit of k?
5
Suppose -2*y + 225 - 87 = 0. What is the tens digit of y?
6
Let q(m) be the third derivative of m**4/24 + m**3/2 + 2*m**2. What is the units digit of q(0)?
3
What is the tens digit of 430*(-2)/25*-5?
7
Let t(k) = 6*k - 19. What is the units digit of t(24)?
5
Suppose -t = -4*t - 27. Let y(l) = -l + 4. What is the tens digit of y(t)?
1
Let j = 24 + 7. Let w = j - 14. What is the tens digit of w?
1
Suppose 2*j - 237 = -j. What is the units digit of j?
9
Suppose -k - 4*k + 20 = 0. Suppose z - 6*z = -3*g + 136, -k*g + 200 = -2*z. What is the tens digit of g?
5
Suppose 15*m = 14*m - 5. Suppose -5*g + 5*t - 15 = 0, -5*t = 5*g - 4*g - 3. What is the units digit of m/(5/g) + 6?
8
Suppose -v - 2 = -0. What is the units digit of 7 - (0 + (-3 - v))?
8
Let w = -170 + 263. What is the tens digit of w?
9
Let t be ((-2)/(-3))/(1/(-12)). Let f(o) = o**3 + 9*o**2 + 6*o - 9. What is the units digit of f(t)?
7
Suppose 2*a - 190 = 5*u, -4*a + 238 = -5*u - 132. What is the units digit of a?
0
Suppose -5*m - 71 = 2*h, 2*m - 5*m = -5*h - 224. Let u = h - 13. What is the units digit of u/(-12) + 4/(-6)?
4
Let n = 0 + 17. Let y = n - 2. Suppose t - 3 = 2*t - 5*q, y = t + 4*q. What is the units digit of t?
7
Suppose 4*c = -2*j + 54, 8*j - 47 = -2*c + 3*j. Let y(m) = -m + 12. What is the units digit of y(c)?
1
Let p(y) = 5*y + 10. What is the tens digit of p(5)?
3
Suppose -4*h = -20, 3*b + 2*h - 4 = 21. Suppose 3*o + 18 = 2*o - b*f, -4*f = 2*o + 12. What is the units digit of 33/12 + o/8?
3
Suppose -q = 2*q - 3. Let c(l) = 39*l + 1. Let m be c(q). Suppose 0 = 4*b - 4 - m. What is the units digit of b?
1
Let v be ((-9)/6)/(6/(-40)). Let g be 6/3*1 + v. Suppose -q - 3*q + g = 0. What is the units digit of q?
3
What is the units digit of 22044/(-44)*1*2/(-6)?
7
Suppose 0 = -11*z + 478 + 1678. What is the units digit of z?
6
Let v(s) = 8*s**2 - 2*s - 2. Let k be v(2). Suppose -2*n - 2*d = -5*n + 103, d = -n + k. What is the tens digit of n?
3
Let j be ((-2)/(-6))/((-2)/18). What is the units digit of (0 + j)*-1 + 18?
1
Let j(v) = -v**2 - 3*v + 2. Let a be j(-3). Let b = a - 3. Let t = 9 + b. What is the units digit of t?
8
Let f = 2 + -2. Suppose -2*z + 2*o = -f*o - 42, 5*z - 105 = -3*o. What is the tens digit of z?
2
Suppose 2*p - 55 - 3 = 0. What is the units digit of p?
9
Suppose q - 1 = -6. What is the units digit of (13/1)/(-4 - q)?
3
Let w = 5 + -10. Let g = w + 7. What is the units digit of g?
2
Let j = -6 - -10. Let o be ((-6)/j)/((-9)/12). Suppose o*q + 0 = 2. What is the units digit of q?
1
Suppose -9*j + 400 = -4*j. Suppose a + j = 6*a. What is the tens digit of a?
1
What is the tens digit of 8/6*(2 - -28)?
4
Let d = -80 - -115. What is the units digit of d?
5
Suppose -i = i - 6. Let x = -23 + 28. Suppose -x*p - 2 = -o - 8*p, -3*o + i*p = -18. What is the units digit of o?
5
Let q = -44 + 95. What is the tens digit of q?
5
Suppose -5*r = 4*x - 786, 78 - 470 = -2*x - 3*r. What is the units digit of x?
9
Let u(r) = -r - 6. Let m be u(-6). Let w(q) = 3*q**2 - 4*q - 11. Let b(t) = t**2 - t - 1. Let l(g) = 4*b(g) - w(g). What is the units digit of l(m)?
7
Suppose -4*i - 39 = 5*q + 3, 2*q = 4*i. Let o = q - -8. Suppose -2*p = -0*h - o*h + 6, -3*p + 23 = 5*h. What is the units digit of p?
1
Let o = 33 - 17. What is the units digit of o?
6
Suppose 0 = 7*u - 3*u - 16. Suppose 180 = 5*f - u*y, -3*y + 66 = f + 11. What is the units digit of f?
0
Suppose -3*d + 4*d + 2*z = -10, 0 = -3*z - 15. Suppose m = -d*f - 3*f + 36, 2*f = m + 19. What is the units digit of f?
1
Let m(r) = 8*r**2 - 10*r + 6. What is the tens digit of m(4)?
9
Let r = -1 + 7. Suppose -2*u + 2*g = -2, 0 = -r*u + 3*u - 4*g + 24. Suppose u*a = 23 + 5. What is the units digit of a?
7
Suppose -2*v + 3*v = 1. Suppose -n + v = -0*n. Let l = 0 + n. What is the units digit of l?
1
Suppose -4*f - 160 = -6*q + 2*q, -2*q = 5*f - 108. What is the units digit of q?
4
Let w(a) = 19*a + 4. What is the units digit of w(10)?
4
Let w(h) = 39*h**2 - 2*h + 11. Suppose 12 + 6 = 2*a. Let b(c) = 19*c**2 - c + 5. Let d(o) = a*b(o) - 4*w(o). What is the tens digit of d(1)?
1
Let k(n) = n**2 + 1. Let g(c) = -2*c**3 + 2*c**2 + 2*c - 2. Let h be g(2). Let m = h + 9. What is the units digit of k(m)?
0
Let z = 33 - 65. Let x = -3 - z. What is the tens digit of x?
2
Let k be ((-216)/(-30))/((-6)/(-20)). Let l = k + -14. Suppose -4 = 4*r - 5*g, 5*r - l = 3*g - 2. What is the units digit of r?
4
What is the units digit of (-1215)/(-6)*2/3?
5
Suppose -20 = -5*o + 30. Suppose -5*w + 4*t + o = t, -2*w = 5*t - 35. Suppose 0 = w*h - 60 - 0. What is the tens digit of h?
1
Let l(r) = -7*r - 3. What is the tens digit of l(-5)?
3
Let t(o) = -o**3 - 5*o**2 - 5*o - 1. Let p be t(-4). Suppose 1 = -s + p. Suppose 20 = 3*m + 5*z, -s*m - z + 40 = -3*z. What is the units digit of m?
5
Suppose 0 = -4*c - 2*h + 82, 3*h + 56 = 2*c + h. What is the tens digit of c?
2
Suppo